5
Calculate (-24 - (-25 + 13)) + 1 + -6.
-17
Evaluate -8 - (0 + -3 + 35 - -9 - -6).
-55
Calculate -1 + -1 - (-16 - (2 + 11 + -24)) - -5.
8
What is -2 + -67 + -282 + 220 + -1 + -9?
-141
Calculate (-5 - (-7 + 2)) + -11 - (-6 - 1).
-4
-4 - 4 - -2 - 3 - -3 - (57 + -38)
-25
Calculate 34 - 3 - (-1 - 14 - (409 + -418)).
37
Evaluate (24 - -22) + -47 + 47.
46
What is the value of 127 - 454 - -228 - (-2 + (0 - (0 + -1)))?
-98
Evaluate -8 + -10 + (-19 + 2 - (2 + 4)) - -5.
-36
What is (-2 - -8 - 61) + 1 + -2 + 2 + 3?
-51
What is the value of -1 + 1 - (-27 + (16 - 13) - -62)?
-38
What is (-71 + 5 - -30 - -25) + -14?
-25
-29 + (-7 - -30) + 32 - -6
32
Calculate 17 + -26 + 37 - (-8 + (3 - 5)).
38
What is the value of -1 + (2 - 3 - 58) + (13 - -19 - 31)?
-59
What is the value of -19 - (-10 + 5 + 3 + -5) - (-19 - -55)?
-48
Calculate -3 - (-35 + (-12 - (3 - 23 - (1 - 10)))).
33
21 + -67 + 4 + 26 + 31
15
Calculate 20 - (-4 - -11) - (170 - 154).
-3
Calculate (-14 - -167) + -73 - 178.
-98
What is 816 + -763 + (-1 - -9) + (-10 - -1 - -8)?
60
What is (-21 - -1) + (-175 - -45 - -102)?
-48
What is -84 - -79 - (16 - (7 + -3))?
-17
What is the value of -36 - -28 - (21 - (3 - (7 + -4 + -3)))?
-26
What is the value of (-3 - 0 - -3) + (-5 + 22 + 25 - 23)?
19
Calculate -13 - (-6 + -31 + (-6 - (11 - 5 - 8))).
28
What is (73 - 86) + (-2 - 64 - 0) - 0?
-79
Calculate 65 + 0 + (20 + -2 - (-51 + 11 + 46)).
77
What is (69 - 3) + 66 + (-61 - 14)?
57
Evaluate (0 - -71) + (226 + -76 - 115).
106
Evaluate 1 + -113 + (-8849 - -8962).
1
What is the value of 1 + -39 + -8943 + 9068?
87
-9 + 18 + -51 + -9 + 77
26
What is the value of 3 + 92 + -115 - ((2 - 0) + -7)?
-15
-65 - -12 - ((9 - (12 - 12)) + -17)
-45
-15 - (-127 + 251 + (-2 + 7 - 10))
-134
Evaluate (49 - 58) + -23 + 6 + -18.
-44
Calculate (500 - 604) + (2 + 2 - 2 - -3) + 2.
-97
-14 + (27 + -15 - 5 - -5) + 124
122
(138 - 101 - -37) + (-37 - -2)
39
What is 8 - (11 - (-13 - (-13 - -4))) - -1?
-6
What is the value of 27 + -22 + 38 + -45 + (1 - -43)?
42
Evaluate 12 - (-23 - (-40 + -3)).
-8
What is (2 - -4) + -1 + 0 - (-30722 + 30605)?
122
-16 - (-14 - -8) - (9 + -11)
-8
-4 + (-86 - -30 - -37)
-23
What is the value of 13 - 13 - 11 - (77 - 58)?
-30
What is (35 - (-49 - -53)) + -3 + -1 + -1?
26
-52 + 46 - ((16 - 41 - -21) + 78 + -1)
-79
-1 - 87 - (2 + -2) - (332 + -530 - -194)
-84
Calculate (-70 - -35) + 91 - (15 - 7).
48
Evaluate 78 - (-59 + 78 + 60).
-1
Evaluate 46 - (-78 + (144 - 16)).
-4
What is (10 - 3 - 30) + (9 - 25 - -12)?
-27
What is the value of (26 + -43 - -36) + (-10 - (-4 - 0))?
13
Evaluate (65 - 80 - (3 + 1)) + -38.
-57
Evaluate 0 + 37 + (-244 - -261) + 21 - -9.
84
What is the value of -43 - -83 - -54 - 34?
60
What is 0 - 2 - (-195 + 84 + 115)?
-6
Evaluate 211 + (123 - (-83 - -298)).
119
Calculate -11 + 21 + -15 + 8 + (47 - -3).
53
Calculate 27 + -41 + 62 + -63.
-15
-44 + (-7 - (-5 + 16 + -13 - 12))
-37
31 - 3 - (53 - (-11 - -61))
25
-39 - (-71 + 41) - 7
-16
What is the value of -9495 + 9621 + (0 - 32)?
94
What is the value of 93 + -59 + -4 + (-12 - -77)?
95
Evaluate -104 + 33 + (22 - 4) - -9.
-44
7 + (-13 - -18) + 0 + 17 + 0
29
Calculate 5 - ((-1 - (23 - (11 - -3))) + 24).
-9
Calculate 6 + (19 - 0 - (291 + -282)).
16
What is (27 - (17 + -45)) + 5?
60
(2550 - 2502) + (0 - -5)
53
Evaluate (10 + -2 - ((31 - 42) + 35)) + 71.
55
24 - (-12 + 35 + 18)
-17
What is the value of (1 - -43 - 2) + -64 + (59 - -7)?
44
What is (22 - (16 + -15 - 16)) + -7?
30
(1 - 8) + 807 + -813 + -68
-81
Calculate 39 + (540 - 555) + 0 + 7.
31
What is the value of 16 + (-297 - -299 - (1 + 20))?
-3
-2 + (0 - 31) - (-69 + 55 + 5)
-24
Calculate (44 - 0) + (858 - 897).
5
What is the value of -1635 - -1644 - (-78 - 5)?
92
What is -17 + (18 - -30) + -25?
6
What is 33 + (-22 + 23 - 40 - -43)?
37
What is (-15 - -2 - (267 + -292)) + (-1 - 39)?
-28
Evaluate -19 + 18 + 91 + 5 + 26.
121
What is (-20 + -31 - -49) + -7?
-9
15 + (13 - 8) - (-21 + 9)
32
What is -75 - (-179 - (66 + -146))?
24
What is the value of -1401 + 1469 + -35 + -2?
31
What is the value of -19 + -22 + (-4 - ((-4 - -11) + 3 - 7))?
-48
Calculate -28 + 51 - (7 - 6) - 9 - (70 + 0).
-57
Calculate 16 - ((-10 - 3) + 5 - -20).
4
What is the value of -9100 + 9025 - (3 - -21)?
-99
261 + -93 + -50 - 52
66
Evaluate -7 + (22 + -43 - -39).
11
Evaluate -92 + 1 + 70 + (-218 - -167).
-72
What is the value of (-60 + 126 - 35) + 18 + -2?
47
0 - 3 - -53 - (166 + -147)
31
13 + 20 + -5 + 6 + -8 + -41
-15
Calculate -21 + (-8 - 2) + -12 + 30.
-13
What is the value of -62 - (0 + 5 + 2) - (-34 + 3 + 26)?
-64
100 + -133 + (138 - 16)
89
What is the value of (-50 - -59) + (-3 - -4) + -51?
-41
What is -21 + -24 + 95 + -54?
-4
What is the value of (-13 - 2) + (-53 - -68) + -79 + 55?
-24
Calculate 1 + 0 + -1 - (-1257 - -1222).
35
What is 269 - 295 - ((-1 - 6) + (-18 - -26))?
-27
What is the value of 40 - (36 + 8 + 2)?
-6
Calculate -4 + -14 - (5 + -3 - 46).
26
-14 + 81 + 45 + -45 + (19 - 5)
81
Calculate -866 + 930 + 8 + -16 - (-1 - (0 - -13)).
70
Calculate 5052 + -5051 + 0 + 1 + 1 + 1.
4
Calculate 12 + -10 + 12 + -64 - -20.
-30
What is 1 + 1 + -12 + 33 + 19 + -6?
36
What is the value of 39 + (16 - 8) - 54 - (1 + 10)?
-18
Evaluate (6 + 2 - 28) + (51 + 45 - -12).
88
10 - (-9 + 8 - (-7 + 3 + -10))
-3
Evaluate 278 + -292 - (3 + -14) - (1 - -53).
-57
What is the value of 34 + 3 - (617 + -575)?
-5
Calculate 9 + (16 - (43 + -35 + 0 + -4) - 23).
-2
Evaluate -58 - (2845 - 2858 - (1 + (-1 - 3))).
-48
What is the value of -8 - (3 + 25 + (-77 - 11))?
52
Evaluate -1 - -80 - (123 - 129 - -1).
84
Evaluate (-1 - 66 - (74 - 71)) + 9 + (-1 - -3).
-59
What is the value of -24 + (-2 + 3 - (146 - 155))?
-14
23 + -19 + 9 - (-4 + 5 + -10)
22
(27 + -4 - (-155 - -173)) + 7 - (4 + -1)
9
Evaluate -22 + (28 - -22 - -26) + (12 - (0 - 0)).
66
What is the value of -66 - (-3 + 0 + (-37 - -16 - -12))?
-54
(-3 + 2 - 5) + (-13 - (-12 - -5 - 2))
-10
Calculate 3 + (-4 - (50 - 35 - (3 - -5))).
-8
What is (36 - 77 - -19) + 49?
27
Calculate -4 - ((0 - -5) + -14 + -8 + -72).
85
Calculate (179 - 219) + 19 + -66.
-87
What is the value of -23 - (2 + 6 + -8 + (10 + 3 - 3))?
-33
What is 75 - (71 + (-69 - 64))?
137
What is (-1 - -3) + (30 - (-39 - (21 + (-21 - -30))))?
101
What is 23 + 112 - -16 - 93?
58
Evaluate 18 - (-54 - (-93 - -27)).
6
What is the value of 36 + -16 + -34 + 3?
-11
Calculate (22 - 12) + -11 + 24 + -77.
-54
(0 - -1) + (3 - 0) + -13 + 27
18
Calculate -90 + 70 + -45 - 23.
-88
What is the value of 82 + 13 + 6 + -27 - -2?
76
Evaluate (4 + -3 - -10) + -1 - -20.
30
What is the value of (8 - 11 - (-26 + (-2 - -1))) + 49 + -59?
14
What is the value of -11 + 13 + 33 + (164 - 250)?
-51
What is -6 - (-4 + (-1 - -4) + 5)?
-10
What is (42 - 2) + (35 + -40 - (2 - -3))?
30
Calculate -75 - (-113 - (35 - 79)).
-6
What is the value of 128 - (-2 - -3) - (9551 - 9536)?
112
Evaluate (-59 - (-99 + -9)) + -75.
-26
What is -21 - (51 + -79) - -41?
48
What is the value of 16 - 14 - (-45 - -60)?
-13
What is 8 + (7 + -15 - -4) + -11 + 33?
26
Calculate 18 - ((45 + -24 - -83) + -17).
-69
What is (-112 - -59 - -59) + -73?
-67
2 - 7 - (38 + -77 - -21)
13
Evaluate -1004 - -1041 - (2 - -5).
30
Evaluate 1 + (-65 - ((-4 - -24) + -5 - (-8 - -16))).
-71
-627 + 647 - (-8 + 4)
24
Calculate (-31 + -12 - -29) + (-2 - 1) + 16.
-1
Calculate 25 - (-14 + 48) - 1.
-10
Calculate -19 + 24 - ((9 - -1) + (46 - 25)).
-26
Calculate 80 - 85 - (6 + (0 - 16)) - -29.
34
Evaluate -93 + 84 + 3 + -1 + -9 + 46.
30
Calculate -25 + -107 + 32 + 54.
-46
16 - (-253 - -260 - (9 + 4 + -4))
18
What is -3 - (-11 - (4 - -3)) - 6 - (14 + -13)?
8
Evaluate -75 + -11 - ((16 - 8) + (-8 - -19)).
-105
What is (-15 - -318) + -260 + (-1 - -21)?
63
(31 - -4) + 8 + 3 - (-5 - (-3 - 0))
48
Calculate -24 + 26 - (1 - -3) - 2.
-4
What is (4 - (-4 - -46)) + -34 + (-1 - (-6 - 1))?
-66
What is the value of 3 + -69 + (-879 - -1008)?
63
What is the value of -92 + 86 + 5 - -11?
10
What is the value of -3010 + 3059 + (8 - 2) + -3 + -11?
41
Evaluate 11 + (-16 - (-17 + (4 - -16))).
-8
Calculate (-145 - -140) + (-1 - 59 - (-4 + 5)).
-66
62 + 0 - (-26 + 51 + -29 + 16)
50
Evaluate -24 + 0 + (-21 + 21 - -78).
54
What is the value of -3 - ((41 - -27 - 7) + -16)?
-48
Calculate 4 + -1 + (16 - 34) + (53 - 155) + -12.
-129
Evaluate -72 - -86 - ((5 - -5) + -18).